/120 + 2*g**5/15 + 7*g**4/24 + g**3 - 11*g**2. Let u be c(-7). What is the highest common divisor of u and 66?
6
Let t(h) = h**2 - 39*h + 370. Let f be t(26). Let g = 7 - 3. Suppose 4*n - 16 = 0, 188 = g*r + 3*n - 4*n. What is the highest common divisor of f and r?
16
Let p(l) = -22*l - 100. Let b be p(-15). What is the greatest common divisor of b and 20?
10
Let o(q) = 10 - q**3 + 2 - q - 3 - 17*q**2 - 2. Let i be o(-17). What is the highest common divisor of 3 and i?
3
Suppose -28 + 130 = k. Let u = 105 + -37. What is the highest common factor of k and u?
34
Suppose 0 = -3*l + 8*l - 25, s = 3*l - 14. Let d be (s - -45) + 11 + -7. What is the highest common divisor of 25 and d?
25
Suppose 1247 + 607 = 3*s. Suppose c = q - 123, 0*q - 4*c - s = -5*q. What is the greatest common divisor of 18 and q?
18
Let f be (-21)/35 + (-46)/(-10). Suppose f*j - 20 = -0*j. Suppose j*g - 4*c - 162 = 0, g - 19 = 3*c + 9. Calculate the greatest common factor of g and 85.
17
Suppose -5 = n + s, -5 = 5*n + 2*s + 5. Suppose n = c + 2*c. Suppose -b - 5*y = -c*b - 6, 0 = -5*b + 4*y + 1. Calculate the greatest common divisor of b and 1.
1
Suppose -z + 4 + 4 = 0. Suppose -z = -4*p - 2*s, -4*p - s - 10 = -9*p. Calculate the highest common factor of 4 and p.
2
Suppose -3*r + 9 = -2*n - 199, 3*n - 2*r + 307 = 0. Let i = -96 - n. Calculate the highest common divisor of i and 40.
5
Let k be 2*((-28215)/18)/(-11). Calculate the greatest common factor of 190 and k.
95
Let i(q) = -q**2 + 10*q - 21. Let k be i(6). Calculate the highest common factor of 183 and k.
3
Let z(x) = -2*x**3 + 10*x**2 - 14*x - 15*x**3 + 16*x**3. Let j be z(8). What is the highest common factor of 40 and j?
8
Suppose 0 = -2*y - 2*y + 16. Let n(i) = -i**3 + 7*i**2 + 3*i + 2. Let b be n(7). Let q = y + b. What is the greatest common factor of 3 and q?
3
Let x be (-62)/1*(0 + 3/(-6)). Calculate the greatest common factor of x and 341.
31
Suppose 17*o - 14*o + 9 = 0. Let y be 9/6*(-32)/o. Let i = 6 + 18. Calculate the highest common divisor of i and y.
8
Suppose -4*g - 25 + 137 = 0. Let k(x) = x - 10. Let n(c) = 2. Let t(b) = -2*k(b) + 4*n(b). Let s be t(12). Calculate the highest common divisor of s and g.
4
Let u(z) = 3*z**3 + 17*z**2 + 8*z + 8. Let c be u(-4). Let p be (4/1)/(2/8). Calculate the highest common divisor of c and p.
8
Suppose 0 = p + 4*p + 5*k + 50, 5*p - 2*k = -22. Let v = p + 8. Suppose -130 = -v*g + 3*l + l, 30 = g + 5*l. Calculate the highest common factor of 11 and g.
11
Suppose -5*j + 9 = 2*p - 103, 0 = 4*p + 16. Calculate the highest common divisor of 228 and j.
12
Let p be (5/((-20)/(-36)))/((-3)/(-14)). Let c(u) = 105*u. Let n be c(1). What is the greatest common divisor of p and n?
21
Suppose 10*j = 5*j + 760. Let a = j + -84. What is the highest common factor of a and 102?
34
Let i be ((-9)/3)/(-3) + -24. Let h(a) = -6*a + 8. Let t be h(-3). Let k = t + i. Calculate the highest common factor of 3 and k.
3
Let l(y) = y**2 - 12*y - 6. Let n be l(20). Calculate the highest common factor of 385 and n.
77
Let z be (-1180)/(-50) - -1*8/20. Calculate the highest common divisor of 456 and z.
24
Let r be (3/2)/((-12)/(-216)). Let q = 15 - r. Let o = 14 + q. What is the highest common divisor of o and 1?
1
Let j be (-3 - 1)/(2/(-8)*2). What is the highest common factor of 248 and j?
8
Let q be (-18)/(9/12 + 44/(-16)). Calculate the greatest common divisor of q and 18.
9
Let c be (13/(-39))/((-1)/9). Suppose 0 = 3*j - 2*u - 816, 0*u = -5*j - c*u + 1341. Calculate the greatest common factor of j and 30.
30
Suppose -2*j + 4 = -0*j. Let q be (-2114)/(-35) - j/5. Suppose 7*f - 9*f = -q. What is the highest common factor of f and 45?
15
Suppose c = -d - 2*c + 63, 0 = 3*c - 3. What is the greatest common divisor of d and 6?
6
Suppose 3*o = -0*o + 240. Let j be (-1)/2*100/30*-12. Calculate the greatest common factor of o and j.
20
Let m be ((-59)/(-5))/((-10)/25)*-68. Calculate the greatest common divisor of m and 34.
34
Suppose -11*m + 6*m + 15 = 0. Let v be m*(25*2 - (3 + -1)). Calculate the greatest common factor of v and 16.
16
Suppose 3*m = 184 + 176. Suppose -7*z - 3*z = -m. What is the greatest common divisor of z and 8?
4
Let z(a) = -a**3 - 4*a**2 - 2*a - 2. Let w be z(-4). Suppose -w = -4*m + 2*m. What is the greatest common divisor of 15 and m?
3
Let n = -338 - -462. What is the greatest common factor of n and 31?
31
Let u be (-31)/11 + 8/(-44). Let i(m) = m**3 + 4*m**2 - m - 4. Let t be i(u). Calculate the greatest common factor of 12 and t.
4
Let x(v) = 259*v - 788. Let u be x(5). Calculate the greatest common divisor of 52 and u.
13
Let j = 33 + 62. Let z = j + 35. Calculate the greatest common factor of 26 and z.
26
Let n = 111 + -107. Let z = 163 - 105. Suppose -n*w = -z - 18. Calculate the greatest common factor of w and 19.
19
Let d(z) = -2*z**3 - 3*z**2 + 4. Let c be d(-2). Suppose -9*k + 10 = -4*k. What is the greatest common factor of k and c?
2
Let i(y) = -y**3 + 17*y**2 - 17*y + 13. Let t be i(16). Let h be 3 + 64 + t + -1. Calculate the highest common factor of 14 and h.
7
Let k = -14 - -18. Suppose -5*g = 5*l - 60, -k*g = -2*l + 4 - 28. Suppose 5*a + 96 = g*a. What is the greatest common factor of 4 and a?
4
Let i be 48/28 + (-4)/(-14) + 1. Suppose 0 = -3*r + 2*x + 64, -4*x - 5 = -i*x. Calculate the highest common factor of r and 162.
18
Let k(h) = 36*h + 657. Let j be k(-18). Let l(i) = -i**2 - 7*i - 4. Let x be l(-6). Calculate the greatest common factor of j and x.
1
Let h = -37 + 88. Suppose -4*t - 8*q = -3*q - 43, -4*t + 50 = -2*q. Let r be 236/7 + t/42. Calculate the greatest common divisor of r and h.
17
Suppose -1064 = -43*k + 35*k. What is the greatest common divisor of 38 and k?
19
Let l(j) = -j**3 + j**2 - 5*j + 22. Let t be l(0). What is the highest common divisor of t and 121?
11
Suppose 2*p - 5*j - 8 = 75, -4*p + 2*j + 190 = 0. Suppose 93 = 2*s + 5*x, 7*s - 4*s - 4*x = 151. Calculate the highest common factor of p and s.
49
Let y(n) be the first derivative of 179*n**3/3 + 2*n**2 - n - 22. Let h be y(1). What is the greatest common divisor of h and 14?
14
Let t = -7 + 20. Let p(v) = -v**3 + 7*v**2 + 3*v - 2. Suppose 6 = y - 0. Let h be p(y). What is the highest common divisor of t and h?
13
Let v be 13 - (-2 + (-6 - -7)). Calculate the greatest common factor of 21 and v.
7
Let q be (-53)/159 - (-194)/6. What is the highest common factor of 232 and q?
8
Let j(g) = 5*g**2 - 1. Suppose 5*y = 0, 2*b - y = -6*y + 4. Suppose 2*c + 2 = -b. Let p be j(c). Calculate the greatest common factor of p and 19.
19
Let a(j) = j**3 + 39*j**2 + 93*j - 71. Let m be a(-36). What is the highest common divisor of m and 7?
7
Let k(i) = i**3 - 5*i**2 - 10*i - 7. Let j be k(8). Suppose -j = -2*x + 27. What is the highest common factor of x and 44?
22
Let y(k) = k + 12. Let g be y(0). Suppose -b - 2*n - n = -70, -3*n = 12. Let f = b + -76. What is the greatest common divisor of g and f?
6
Let b = 113 + -101. What is the highest common divisor of 4 and b?
4
Let f be (3 + 10/6)*3/2. What is the highest common factor of f and 63?
7
Let u(a) = -2 + 6 + 26*a - 5 - 9. Let j be u(5). Let g be 1/(-2) - (-62)/4. What is the highest common factor of j and g?
15
Let d(k) = k**2 - 21*k + 46. Let i be 2/6*3*(1 + 18). Let p be d(i). What is the highest common factor of p and 20?
4
Let j(g) = -g**3 - 7*g**2 - g + 8. Let t be j(-6). Let w = -16 - t. Let y(z) = 2*z**2 - 7*z - 8. Let v be y(w). What is the greatest common divisor of v and 55?
11
Let x be -12*(3 - (-7)/(-2)). Suppose l = b, 2*l + x = 5*l. What is the greatest common factor of b and 22?
2
Let g(u) = 2*u**2 + 8*u - 40. Let d be g(-8). What is the highest common factor of d and 156?
12
Let r = -1144 - -1264. Calculate the highest common divisor of 48 and r.
24
Let p = 1858 + -1339. Calculate the highest common divisor of 6 and p.
3
Suppose -i + 12*w + 11 = 14*w, -3*i + 5*w - 11 = 0. Calculate the greatest common factor of i and 2.
1
Suppose 2*r - 4 + 0 = 0. Suppose -q + r*q - 356 = 0. Let k be 12/30 + q/10. Calculate the greatest common divisor of k and 18.
18
Let b = 517 - 221. Calculate the greatest common divisor of 8 and b.
8
Let f(k) = 13*k**3 + 1. Let c be f(1). Suppose -100 = 10*a - c*a. Suppose -2*d - 48 = -3*w, -d = 4*w - 39 - 